 Calculate the remainder when u is divided by 33.
31
Let r = -18 + 26. Let q(c) = -c**3 - 17*c**2 - 19*c - 10. Calculate the remainder when q(-16) is divided by r.
6
Let z be (-1)/(-3)*(16 - -5). Suppose z*a - 4*a = 12. Suppose g + 27 = a*g. Calculate the remainder when g is divided by 3.
0
Let h = -484 + 568. What is the remainder when h is divided by (-117)/(-7) + (-2)/(-7)?
16
Let t = 13 - -19. What is the remainder when 105 is divided by t?
9
Suppose 3*p = 4*w - 156, 4*w = 7*w - p - 117. What is the remainder when w is divided by 8?
7
Let f(q) = -5*q**3 + q + 1. Calculate the remainder when 4/(-26) - (-1510)/13 is divided by f(-2).
38
Let y = -547 - -566. What is the remainder when 23 is divided by y?
4
Let b = 1053 + -853. Calculate the remainder when b is divided by 14.
4
Suppose -37 = 14*a - 107. Suppose 0 = -0*c - 4*c + 300. Suppose -5*n + c - 5 = 0. What is the remainder when n is divided by a?
4
Let y be 0 + 1 + 1 + -1. Let n(q) = -q**2 - 14*q - 11. What is the remainder when n(-8) is divided by (2/y - -6) + 2?
7
Suppose 24*p + 4*u - 94 = 22*p, -5*p = u - 235. Calculate the remainder when 130 is divided by p.
36
Suppose -5*a - 10 = 0, -h + 2*h - 5*a = 56. What is the remainder when 171 is divided by h?
33
Let y = -11 - -32. Suppose 0*b + 3*d - 12 = 3*b, -3*b - 3*d - 6 = 0. What is the remainder when y is divided by -3*(3/b - (-3 - -4))?
3
Let v(m) = 186*m**2 + 2*m - 5. Let b(k) = 93*k**2 + k - 3. Let p(z) = -5*b(z) + 3*v(z). Calculate the remainder when p(1) is divided by 16.
14
Let h = -227 + 268. What is the remainder when 93 is divided by h?
11
Suppose -3816 = -9*t + 945. Calculate the remainder when t is divided by 9.
7
Suppose 0*s + 2*y = 2*s - 1342, 0 = s - 5*y - 691. What is the remainder when 1/((-139)/s + 4/18) is divided by 19?
17
Suppose -530 = -7*t + 933. What is the remainder when t is divided by 35?
34
Suppose -3*x = -5*i + 11, 1 = -3*i + 4. Let w(j) = -3*j + 3. What is the remainder when 24 is divided by w(x)?
6
Suppose 5*t = -4*q + 552, -t - q + 4*q = -118. Calculate the remainder when t is divided by 29.
25
Suppose -19 = -5*t + x, -5*x = -0*t + 3*t + 11. Let m be (0 + 0)/(-1 + 0). Suppose m*h - 4 = -4*h. Calculate the remainder when t is divided by h.
0
Let j(i) = -2*i**3 + i + 20. Let p(z) = -57*z**2. Let t be p(3). Calculate the remainder when (1/3)/((-3)/t) is divided by j(0).
17
Let s(r) = -r**3 + 11*r**2 + 2*r - 5. Calculate the remainder when s(6) is divided by 47.
46
Let o = -320 - -357. What is the remainder when o is divided by 14?
9
Let o(w) = -25*w + 51. What is the remainder when 193 is divided by o(-2)?
92
Calculate the remainder when 5/(-1) + (7 - -5) is divided by 3.
1
Suppose -4*k + 5*p - p = -4156, -2072 = -2*k + 4*p. Calculate the remainder when k is divided by 95.
92
Suppose -1272 = -11*j + 400. What is the remainder when j is divided by 53?
46
Let n be (9/18)/((-1)/270). Let r = -117 - n. What is the remainder when 46 is divided by r?
10
What is the remainder when 116 is divided by 134/10 - (16/(-10) - -2)?
12
Let q be 14/126 + 16/18. Suppose -q = -5*z - 3*m, 0 = -6*z + z - 5*m - 5. Calculate the remainder when z is divided by 2.
0
Let j be 0 + 2/1 + 0. Suppose 4*s - j*y = 6*s + 10, -4*s = 3*y + 16. What is the remainder when (2 + s)*10 - -3 is divided by 4?
1
Suppose -40 = -5*r - 25. Suppose -4*z = -3*f - 3*z - r, 3 = -f + z. What is the remainder when 82/((f - 0) + 2) is divided by 9?
5
Calculate the remainder when 104 is divided by (-192)/112*(-126)/4.
50
Calculate the remainder when 1/6*3 - (-884)/8 is divided by 7.
6
Suppose 11*j - 6*j - 10 = 0. Suppose j*f - 5*z + 0 = 125, -257 = -4*f + 3*z. What is the remainder when f is divided by 23?
19
Suppose 16*g + 67 = 1187. Calculate the remainder when 347 is divided by g.
67
Let k(z) = 9*z**2 - 40*z + 30. Let w(n) = -3*n**2 + 13*n - 10. Let o(a) = 3*k(a) + 8*w(a). Calculate the remainder when 37 is divided by o(5).
2
Suppose 39*n - 34*n - 540 = 0. What is the remainder when n is divided by 22?
20
Let a = -18 + 23. Let h = 9 - a. Suppose 3*z = -h*v + 99, 0*z - 5*v + 160 = 5*z. Calculate the remainder when 84 is divided by z.
26
Suppose -2*k - 57 = -1. Calculate the remainder when 35 is divided by (48/(-14))/(8/k).
11
Let h(k) be the first derivative of -13*k**2/2 - k - 6. Let q be h(-1). Suppose -q = -5*s + 8. Calculate the remainder when 9 is divided by s.
1
Let y = 511 - 476. What is the remainder when 138 is divided by y?
33
Suppose 47 = -36*i + 37*i. Let z = -3 + 5. What is the remainder when i is divided by (z/(-4))/((-3)/72)?
11
Calculate the remainder when 142 is divided by (28 + -2)/((-5)/75*-6).
12
Let a(p) = 2*p - 2. Let l be (-40)/260 + 4/26. Suppose 9*i - 24 - 111 = l. Calculate the remainder when i is divided by a(3).
3
What is the remainder when 637 is divided by 105/175 - 1596/(-15)?
102
Let v(w) = 78*w**2 + 23*w + 23. What is the remainder when 167 is divided by v(-1)?
11
Let g = 115 - 126. Let d(f) = -8*f - 81. Suppose 4*v = 4, 1 = 2*c - 5*v - 2. Calculate the remainder when d(g) is divided by c.
3
Suppose 3*g - 9 = -0. Let p(q) = q**g - 3 + q**3 - 4*q**2 - 27*q + 22*q. What is the remainder when p(4) is divided by 11?
8
Suppose 2*n - 2*b = 40, 28 = 2*n + b - 21. Suppose -n*c + 21*c + 2 = 0. What is the remainder when 4 is divided by c?
0
Suppose 76 = z + z. Suppose 2*n = f + 21, 7 = -2*n - 3*f + 16. Suppose -n*p - 45 + 225 = 0. Calculate the remainder when z is divided by p.
18
Let r(l) = -l**3 - 2*l**2 - l. Let y be r(-1). Let t(i) = 21 + 7 + 2*i - 5. What is the remainder when t(y) is divided by 12?
11
Let v(m) = -4*m**2 - 3*m + 1. Let z be v(1). Calculate the remainder when (((-190)/z)/5)/((-1)/(-21)) is divided by 34.
31
Suppose 88*i - 12438 = -1350. What is the remainder when i is divided by 23?
11
Let d(r) be the first derivative of 15*r**2/2 + 4. Let c be d(1). Suppose -2*s - s + c = 0. Calculate the remainder when 13 is divided by s.
3
Let d = 39 + -34. Suppose 80 - 675 = -d*v. Let w = v - 76. Calculate the remainder when w is divided by 11.
10
Suppose d - 2*b = 0, -3*b = -2*d - 0 + 3. Let t be ((-3)/(-2))/(6/8). Suppose t*i + 2 = 3*i. Calculate the remainder when d is divided by i.
0
Let r be 268/8 + 3/2. Suppose -3*o - 13 = r. Let w = 27 + o. Calculate the remainder when 31 is divided by w.
9
Let v(h) = -3*h**3 - 4*h**2 - h - 6. Let o(q) = q**2 + 7*q + 7. Let t be o(-5). Let p(g) = -g**3 + 5*g + 3. What is the remainder when v(t) is divided by p(-3)?
12
Let c(l) = -2*l**2 - 36*l - 39. Calculate the remainder when 226 is divided by c(-10).
105
Suppose 0 = -93*q + 91*q + 98. What is the remainder when q is divided by 41?
8
Suppose 0 = 5*m, 0*r = r - 4*m - 7. Suppose r*h = 11*h - 236. Calculate the remainder when h is divided by 12.
11
Let z(k) = -k**2 - 13*k - 21. Let w be z(-11). Let p(j) = 51*j**3 - j**2 + 1. What is the remainder when p(w) is divided by 18?
15
Let p = -9 + 14. Let z = p + 7. Calculate the remainder when z is divided by 4.
0
Suppose 3*b - 241 = -2*c, -2*c + 0*c = b - 235. Let n = 128 - c. Calculate the remainder when 3/(12/(-14) + 1) is divided by n.
9
Suppose -83 = 5*o + z, -5*o + 3*z - 71 = -0*z. Calculate the remainder when (0 - -19) + o/16 is divided by 4.
2
Let m(q) = -3*q + 3 + q + q - 23. Let g be m(-14). What is the remainder when 13 is divided by (-9)/(-27) + (-46)/g?
5
Let i be 4*205/20 - -4. Suppose -i - 39 = -7*m. What is the remainder when 69 is divided by m?
9
Let t(i) = -13*i - 175. What is the remainder when 89 is divided by t(-17)?
43
Let q(n) = -n**3 - 11*n**2 + 55*n + 285. What is the remainder when q(-14) is divided by 56?
47
Suppose 0 = -2*f - 3*t - 262, 5*f - 5*t + 630 = -0*t. Let g = 48 + f. Let c = -9 - g. What is the remainder when c is divided by 18?
17
Let z(l) = -19*l + 80. Calculate the remainder when 58 is divided by z(3).
12
Let o = -5 - -9. Suppose -481*t = -476*t - 135. Calculate the remainder when t is divided by o.
3
Suppose 0 = -0*h + h - 9. Calculate the remainder when ((-150)/9*-1)/((-4)/(-6)) is divided by h.
7
Suppose 13446 = 76*p + 5*p. Calculate the remainder when p is divided by 56.
54
What is the remainder when (-91)/(-2)*(-408)/(-238) is divided by 40?
38
Suppose 0 = -5*r + 5*x + 685, 12*r - 10*r - 294 = -2*x. What is the remainder when r is divided by 11?